{"id":307,"date":"2023-03-23T17:51:58","date_gmt":"2023-03-23T17:51:58","guid":{"rendered":"https:\/\/logispack.com.mx\/?page_id=307"},"modified":"2023-03-31T15:40:22","modified_gmt":"2023-03-31T15:40:22","slug":"edgar-robles-cervantes","status":"publish","type":"page","link":"https:\/\/logispack.com.mx\/index.php\/edgar-robles-cervantes\/","title":{"rendered":"Edgar Robles"},"content":{"rendered":"\n<h4 class=\"has-text-align-center\">LOGISCERVANTES &amp; ASOCIADOS S DE RL DE CV<\/h4>\n\n\n\n<p class=\"has-text-align-center\">AV. DE LOS \u00c1NGELES 185, COL. SAN MART\u00cdN XOCHINAHUAC, ALCALD\u00cdA AZCAPOTZALCO, CDMX<\/p>\n\n\n\n<p class=\"has-text-align-center\">                                              <a href=\"TEL:5548857636\">TEL: 55 33334016<\/a>                                              <\/p>\n\n\n\n<p class=\"has-text-align-center\"><a href=\"mailto:edgarrobles@live.com.mx\">edgarrobles@live.com.mx<\/a><\/p>\n\n\n<div class=\"wp-block-image\">\n<figure class=\"aligncenter size-large is-resized\"><img decoding=\"async\" loading=\"lazy\" src=\"https:\/\/logispack.com.mx\/wp-content\/uploads\/2023\/02\/LOGISPACK-Logo-1-986x1024.png\" alt=\"\" class=\"wp-image-86\" width=\"103\" height=\"107\" srcset=\"https:\/\/logispack.com.mx\/wp-content\/uploads\/2023\/02\/LOGISPACK-Logo-1-986x1024.png 986w, https:\/\/logispack.com.mx\/wp-content\/uploads\/2023\/02\/LOGISPACK-Logo-1-289x300.png 289w, https:\/\/logispack.com.mx\/wp-content\/uploads\/2023\/02\/LOGISPACK-Logo-1-768x798.png 768w, https:\/\/logispack.com.mx\/wp-content\/uploads\/2023\/02\/LOGISPACK-Logo-1-1479x1536.png 1479w, https:\/\/logispack.com.mx\/wp-content\/uploads\/2023\/02\/LOGISPACK-Logo-1-1971x2048.png 1971w\" sizes=\"(max-width: 103px) 100vw, 103px\" \/><\/figure><\/div>\n\n\n<p>LOGISPACK es una empresa con 20 a\u00f1os de prestigio en el ramo de las maquilas profesionales y cuyo objetivo prioritario es la satisfacci\u00f3n de nuestros clientes dedicada a dar servicio IN HOUSE esto con el prop\u00f3sito de reducir costos de materia prima y empaque que son muy significativos si los consideramos anualmente.<\/p>\n\n\n\n<h4>PROCESOS QUE PODEMOS OFRECERTE<\/h4>\n\n\n\n<ul>\n<li>SERVICIO DE RETRACTILADO DE PRODUCTOS<\/li>\n\n\n\n<li>EMPAQUE DE PRODUCTOS<\/li>\n\n\n\n<li>ETIQUETADO<\/li>\n\n\n\n<li>EMPACADO<\/li>\n\n\n\n<li>RECUPERACI\u00d3N DE PRODUCTOS DE DEVOLUCIONES<\/li>\n\n\n\n<li>ESCANEO DE DEVOLUCIONES<\/li>\n\n\n\n<li>SURTIDO DE PEDIDOS A LIVERPOOL, SEARS, COTSCO, SAM\u00b4S<\/li>\n\n\n\n<li>SELECCI\u00d3N DE MATERIAL POR TALLAS<\/li>\n\n\n\n<li>ENGANCHADO DE PLAYERAS<\/li>\n\n\n\n<li>PLASTIFLECHADO<\/li>\n\n\n\n<li>MARBETADO A BOTELLAS (VINO ETC.)<\/li>\n\n\n\n<li>SERVICIO DE BLISTER A MANO<\/li>\n\n\n\n<li>ARMADO DE CAJA<\/li>\n\n\n\n<li>ETIQUETA DE PRESICI\u00d3N (UVA)<\/li>\n\n\n\n<li>ETIQUETADO DE PRECIO O PRECIO COLOCADO<\/li>\n\n\n\n<li>ETIQUETADO DE C\u00d3DIGO<\/li>\n\n\n\n<li>EMBOLSADO DE PRODUCTO<\/li>\n\n\n\n<li>EMPLAYADO DE TARIMAS<\/li>\n\n\n\n<li>EMPLAYADO REFORZADO DE TARIMAS<\/li>\n\n\n\n<li>PEGADO DE CD CINTA DOBLE CARA<\/li>\n\n\n\n<li>RETRACTILADO DE ETIQUETAS<\/li>\n\n\n\n<li>SURTIDO DE MATERIAL, SEG\u00daN ORDEN DE COMPRA<\/li>\n\n\n\n<li>SELECCI\u00d3N DE MATERIAL EN UBICACIONES DE RACKS<\/li>\n\n\n\n<li>NOS ADECUAMOS Y\/O ACONDICIONAMOS A TUS PROCESOS\n\n\n\n\n\n\n<ul>\n<li><\/li>\n<\/ul>\n\n\n\n<ul>\n<li><\/li>\n<\/ul>\n<\/li>\n<\/ul>\n\n\n\n<p>LOGISPACK es un socio estrat\u00e9gico para la industria nacional mexicana. Agregamos un servicio mas para usted.<br>TAMBI\u00c9N NOS ADAPTAMOS A EL PROCESO DE CUALQUIER PRODUCTO ELABORANDO UNA LOGISTICA PARA EL CLIENTE. <\/p>\n\n\n\n<p class=\"has-text-align-center\">La calidad y prontitud son nuestro sello.<\/p>\n\n\n\n<p class=\"has-text-align-center\">CONTAMOS CON LA NORMATIVA REPSE <\/p>\n\n\n\n<p class=\"has-text-align-center\">Te envio un cordial saludo<br>Estoy a tus ordenes te deseo mucho \u00e9xito.<\/p>\n\n\n\n<h4 class=\"has-text-align-center\">EDGAR ROBLES CERVANTES<br>Gerente de Operaci\u00f3n<\/h4>\n","protected":false},"excerpt":{"rendered":"<p>LOGISCERVANTES &amp; ASOCIADOS S DE RL DE CV AV. DE LOS \u00c1NGELES 185, COL. SAN MART\u00cdN XOCHINAHUAC, ALCALD\u00cdA AZCAPOTZALCO, CDMX TEL: 55 33334016 edgarrobles@live.com.mx LOGISPACK es una empresa con 20 a\u00f1os de prestigio en el ramo de las maquilas profesionales y cuyo objetivo prioritario es la satisfacci\u00f3n de nuestros clientes dedicada a dar servicio IN [&hellip;]<\/p>\n","protected":false},"author":1,"featured_media":0,"parent":0,"menu_order":0,"comment_status":"closed","ping_status":"closed","template":"","meta":{"om_disable_all_campaigns":false,"_mi_skip_tracking":false},"aioseo_notices":[],"_links":{"self":[{"href":"https:\/\/logispack.com.mx\/index.php\/wp-json\/wp\/v2\/pages\/307"}],"collection":[{"href":"https:\/\/logispack.com.mx\/index.php\/wp-json\/wp\/v2\/pages"}],"about":[{"href":"https:\/\/logispack.com.mx\/index.php\/wp-json\/wp\/v2\/types\/page"}],"author":[{"embeddable":true,"href":"https:\/\/logispack.com.mx\/index.php\/wp-json\/wp\/v2\/users\/1"}],"replies":[{"embeddable":true,"href":"https:\/\/logispack.com.mx\/index.php\/wp-json\/wp\/v2\/comments?post=307"}],"version-history":[{"count":6,"href":"https:\/\/logispack.com.mx\/index.php\/wp-json\/wp\/v2\/pages\/307\/revisions"}],"predecessor-version":[{"id":325,"href":"https:\/\/logispack.com.mx\/index.php\/wp-json\/wp\/v2\/pages\/307\/revisions\/325"}],"wp:attachment":[{"href":"https:\/\/logispack.com.mx\/index.php\/wp-json\/wp\/v2\/media?parent=307"}],"curies":[{"name":"wp","href":"https:\/\/api.w.org\/{rel}","templated":true}]}}