{"id":48,"date":"2023-02-20T20:24:00","date_gmt":"2023-02-20T20:24:00","guid":{"rendered":"https:\/\/logispack.com.mx\/?page_id=48"},"modified":"2023-02-22T17:56:24","modified_gmt":"2023-02-22T17:56:24","slug":"emplayado-de-tarimas","status":"publish","type":"page","link":"https:\/\/logispack.com.mx\/index.php\/emplayado-de-tarimas\/","title":{"rendered":"EMPLAYADO DE TARIMAS"},"content":{"rendered":"\n<h3>EMPLAYADO DE TARIMAS<\/h3>\n\n\n\n<p>El emplayado es una t\u00e9cnica de embalaje usada en la industria para asegurar los objetos a una tarima para su transportaci\u00f3n. Esta t\u00e9cnica es especialmente \u00fatil cuando hay m\u00faltiples cajas o productos para transportar por medio de una tarima.<br>Y consiste en envolver los art\u00edculos que se encuentren sobre una tarima (art\u00edculos en cajas o sin cajas) con un film pl\u00e1stico con el fin de que estos est\u00e9n sujetos y no se muevan al transportarse, ya sea porque estamos transportando mucha mercanc\u00eda o por que partes del articulo pueden abrirse como las puertas de un refrigerador por ejemplo<br>Aunque el emplayado de tarimas puede parecerte sencillo; se podr\u00eda decir que se debe de tener una gran habilidad<br><br><img decoding=\"async\" loading=\"lazy\" src=\"http:\/\/semihoms.com\/wp-content\/uploads\/2023\/01\/emplayado.jpg\" alt=\"\" srcset=\"https:\/\/semihoms.com\/wp-content\/uploads\/2023\/01\/emplayado.jpg 819w, https:\/\/semihoms.com\/wp-content\/uploads\/2023\/01\/emplayado-300x169.jpg 300w, https:\/\/semihoms.com\/wp-content\/uploads\/2023\/01\/emplayado-768x432.jpg 768w\" width=\"819\" height=\"461\"><\/p>\n\n\n\n<h3>EMPLAYADO REFORZADO DE TARIMAS<\/h3>\n\n\n\n<p>Si bien alguna mercanc\u00eda como la electr\u00f3nica (Pantallas LCD, Proyectores) es mas fragil es necesario de contar con mayor protecci\u00f3n para su transporte por lo que se usa una cantidad considerablemente mayor de emplaye.<\/p>\n","protected":false},"excerpt":{"rendered":"<p>EMPLAYADO DE TARIMAS El emplayado es una t\u00e9cnica de embalaje usada en la industria para asegurar los objetos a una tarima para su transportaci\u00f3n. Esta t\u00e9cnica es especialmente \u00fatil cuando hay m\u00faltiples cajas o productos para transportar por medio de una tarima.Y consiste en envolver los art\u00edculos que se encuentren sobre una tarima (art\u00edculos en [&hellip;]<\/p>\n","protected":false},"author":1,"featured_media":0,"parent":0,"menu_order":0,"comment_status":"closed","ping_status":"closed","template":"","meta":{"om_disable_all_campaigns":false,"_mi_skip_tracking":false},"aioseo_notices":[],"_links":{"self":[{"href":"https:\/\/logispack.com.mx\/index.php\/wp-json\/wp\/v2\/pages\/48"}],"collection":[{"href":"https:\/\/logispack.com.mx\/index.php\/wp-json\/wp\/v2\/pages"}],"about":[{"href":"https:\/\/logispack.com.mx\/index.php\/wp-json\/wp\/v2\/types\/page"}],"author":[{"embeddable":true,"href":"https:\/\/logispack.com.mx\/index.php\/wp-json\/wp\/v2\/users\/1"}],"replies":[{"embeddable":true,"href":"https:\/\/logispack.com.mx\/index.php\/wp-json\/wp\/v2\/comments?post=48"}],"version-history":[{"count":2,"href":"https:\/\/logispack.com.mx\/index.php\/wp-json\/wp\/v2\/pages\/48\/revisions"}],"predecessor-version":[{"id":137,"href":"https:\/\/logispack.com.mx\/index.php\/wp-json\/wp\/v2\/pages\/48\/revisions\/137"}],"wp:attachment":[{"href":"https:\/\/logispack.com.mx\/index.php\/wp-json\/wp\/v2\/media?parent=48"}],"curies":[{"name":"wp","href":"https:\/\/api.w.org\/{rel}","templated":true}]}}