{"id":56,"date":"2023-02-20T20:26:01","date_gmt":"2023-02-20T20:26:01","guid":{"rendered":"https:\/\/logispack.com.mx\/?page_id=56"},"modified":"2023-02-22T17:59:03","modified_gmt":"2023-02-22T17:59:03","slug":"marbetado","status":"publish","type":"page","link":"https:\/\/logispack.com.mx\/index.php\/marbetado\/","title":{"rendered":"MARBETADO"},"content":{"rendered":"\n<p>SERVICIO DE<\/p>\n\n\n\n<h3>MARBETADO<br><br>QUE ES EL MARBETE?<\/h3>\n\n\n\n<p>Es el signo distintivo (etiqueta) de control fiscal y sanitario, que se adhiere a los envases que contienen bebidas alcoh\u00f3licas con capacidad no mayor de 5,000 mililitros.<br>&nbsp;<br>El marbeteo de vinos y licores es un servicio que permite adecuar la mercanc\u00eda recibida en los almacenes con el fin de entregarla con las caracter\u00edsticas requeridas para su comercializaci\u00f3n inmediata. Se le llama marbete al distintivo de control fiscal y sanitario que garantiza la autenticidad de las bebidas alcoh\u00f3licas.<br>Cuando las botellas son importadas a M\u00e9xico, los marbetes se adhieren a los envases antes de ingresar al territorio nacional o, en su defecto en la aduana o en almacenes generales de dep\u00f3sito autorizados por la Secretar\u00eda de Hacienda y Cr\u00e9dito P\u00fablico. Para proteger la integridad de los consumidores, el marbete contiene la marca, el nombre del fabricante, productor o importador.<br>Los marbetes incrementan en nivel de seguridad, por lo que evitan las falsificaciones y disminuyen la compra-venta de botellas ilegales. Actualmente en M\u00e9xico se consumen 30 millones de litros de licores, de los cuales s\u00f3lo 17 millones se comercializan de manera legal. Al depositarse, el proceso de marbeteo se lleva a cabo en almacenes de dep\u00f3sito, donde los envases no podr\u00e1n ser retirados. De ah\u00ed la importancia de la agilidad de los almacenes generales de dep\u00f3sito al ejecutar esta operaci\u00f3n.<\/p>\n\n\n\n<h3>QUE CONTIENE EL C\u00d3DIGO QR<\/h3>\n\n\n\n<p>El marbete utiliza la tecnolog\u00eda de codificaci\u00f3n de respuesta r\u00e1pida (QR) para almacenar la informaci\u00f3n, serie y folio, la cual puede ser le\u00edda con un dispositivo m\u00f3vil con un lector espec\u00edfico que de forma inmediata lleva a este Portal. Ah\u00ed se muestran los datos de la impresi\u00f3n del marbete (tipo, folio, fecha de elaboraci\u00f3n, lote de producci\u00f3n), del producto (marca, tipo, graduaci\u00f3n alcoh\u00f3lica, capacidad, origen del producto, fecha de envasado y lote de producci\u00f3n), y del productor, fabricante, envasador o importador.<\/p>\n\n\n\n<h3>\u00bfQUIEN IMPRIME EL MARBETE DE LAS BEBIDAS ALCOH\u00d3LICAS?<\/h3>\n\n\n\n<p>El marbete lo imprime la Direcci\u00f3n General de Talleres de Impresi\u00f3n y Estampillas de Valores, dependiente de la Oficial\u00eda Mayor de Hacienda.<\/p>\n\n\n\n<h3>CUALES SON LOS TIPOS DE MARBETES QUE EXISTEN?<\/h3>\n\n\n\n<p>Bebidas alcoh\u00f3licas nacionales.<br>Bebidas alcoh\u00f3licas de importaci\u00f3n..<\/p>\n\n\n\n<h3>POR QUE CUANDO LEO EL C\u00d3DIGO QR PUEDO SABER LOS DATOS DE LA BEBIDA ALCOH\u00d3LICA<\/h3>\n\n\n\n<p>Porque el contribuyente que solicit\u00f3 marbetes tiene la obligaci\u00f3n de proporcionar los datos a la autoridad de forma detallada (fracci\u00f3n XVIII del art. 81 del C\u00f3digo Fiscal de la Federaci\u00f3n), de cada producto producido, envasado o importado al que le adhiri\u00f3 un marbete. Con el objetivo que el SAT d\u00e9 seguimiento a las a las importaciones y transacciones comerciales que realizan los contribuyentes y, en su caso, identificar una posible evasi\u00f3n de IEPS; as\u00ed como a los consumidores o ciudadanos identificar la adulteraci\u00f3n, falsificaci\u00f3n y contrabando del producto.<br>Infracci\u00f3n por no reportar el uso de los marbetes:<br><img decoding=\"async\" loading=\"lazy\" src=\"http:\/\/semihoms.com\/wp-content\/uploads\/2023\/02\/marbetado.png\" alt=\"\" srcset=\"https:\/\/semihoms.com\/wp-content\/uploads\/2023\/02\/marbetado.png 589w, https:\/\/semihoms.com\/wp-content\/uploads\/2023\/02\/marbetado-300x150.png 300w, https:\/\/semihoms.com\/wp-content\/uploads\/2023\/02\/marbetado-500x250.png 500w\" width=\"589\" height=\"295\"><\/p>\n","protected":false},"excerpt":{"rendered":"<p>SERVICIO DE MARBETADO QUE ES EL MARBETE? Es el signo distintivo (etiqueta) de control fiscal y sanitario, que se adhiere a los envases que contienen bebidas alcoh\u00f3licas con capacidad no mayor de 5,000 mililitros.&nbsp;El marbeteo de vinos y licores es un servicio que permite adecuar la mercanc\u00eda recibida en los almacenes con el fin de [&hellip;]<\/p>\n","protected":false},"author":1,"featured_media":0,"parent":0,"menu_order":0,"comment_status":"closed","ping_status":"closed","template":"","meta":{"om_disable_all_campaigns":false,"_mi_skip_tracking":false},"aioseo_notices":[],"_links":{"self":[{"href":"https:\/\/logispack.com.mx\/index.php\/wp-json\/wp\/v2\/pages\/56"}],"collection":[{"href":"https:\/\/logispack.com.mx\/index.php\/wp-json\/wp\/v2\/pages"}],"about":[{"href":"https:\/\/logispack.com.mx\/index.php\/wp-json\/wp\/v2\/types\/page"}],"author":[{"embeddable":true,"href":"https:\/\/logispack.com.mx\/index.php\/wp-json\/wp\/v2\/users\/1"}],"replies":[{"embeddable":true,"href":"https:\/\/logispack.com.mx\/index.php\/wp-json\/wp\/v2\/comments?post=56"}],"version-history":[{"count":2,"href":"https:\/\/logispack.com.mx\/index.php\/wp-json\/wp\/v2\/pages\/56\/revisions"}],"predecessor-version":[{"id":140,"href":"https:\/\/logispack.com.mx\/index.php\/wp-json\/wp\/v2\/pages\/56\/revisions\/140"}],"wp:attachment":[{"href":"https:\/\/logispack.com.mx\/index.php\/wp-json\/wp\/v2\/media?parent=56"}],"curies":[{"name":"wp","href":"https:\/\/api.w.org\/{rel}","templated":true}]}}